n(-1)?
-6
Let a be 40/6 + (-1)/(-3). Suppose 3*x = 2*z - z + a, -3*z = 3*x - 3. Let b(l) = -l**3 + 0*l**2 - 3*l**2 + 4 + 2*l - 2*l**x. What is b(-5)?
-6
Let h(l) = l + 5. Let y = -4 - 2. Give h(y).
-1
Let l be (2/(-4))/((-1)/18). Suppose -4*t = t + 3*s + 25, 2*t + s = -l. Let b(m) = -m + 2. Give b(t).
4
Let s(z) = 4*z - 30 - 32 + 57 - 2*z - 4*z**2 + z**3. Give s(4).
3
Let m(c) = c**3 + 14*c**2. Let i = 104 + -118. Give m(i).
0
Let p(f) = 4*f - 1. Let q = 6 - 1. Suppose -q*b - 4*d = -d + 7, 5*d + 15 = -5*b. What is p(b)?
3
Let m = 5 - 3. Suppose 5*n - 3*l = 44, -5*l + 7 = 4*n - 6. Let i(q) = -2*q + n*q - 3*q + m. What is i(-4)?
-6
Let m(u) = -u - 9. Let x be m(-3). Let h(d) = -d**3 - 6*d**2 - 1. What is h(x)?
-1
Let i(t) = t**2 + t - 4. Suppose 0*a - 30 = -5*a. Suppose 3 = -b + a. Determine i(b).
8
Let i(y) = -y**3 - 5*y**2 - 6*y - 5. Suppose 3*f = 2*n - 7*n + 13, 0 = -5*f + 2*n - 30. Let q be i(f). Let z(d) = 1 + d + q - 3. Calculate z(-3).
-2
Let y = 19 + -24. Let r(o) = -7*o - 7. Determine r(y).
28
Let h(s) = s**2 - s - 5. Let n be (-1)/(2/(-18)) - -1. Let g be 12/n*20/6. Let c = -4 + g. Give h(c).
-5
Let k(m) = 3*m**3 - 4*m**3 + 4*m**2 - 3*m - 9*m**2 + 11*m**2 + 6. What is k(6)?
-12
Let f(x) be the third derivative of -x**7/2520 + x**6/360 - x**5/30 - x**2. Let r(l) be the third derivative of f(l). Let g = -12 + 10. Give r(g).
6
Let w(d) = -4*d + 2. Suppose 4*b + 3 = 15. Let p be -2 - (2/(-2) - b). Give w(p).
-6
Let q(v) = v**3 + 3*v**2 - 3*v + 5. Suppose m - 2 - 2 = 0. Suppose m*l + 0 + 8 = 4*n, -10 = 2*n. Let h = l - -3. What is q(h)?
1
Let p(w) = -4*w + 6 - w**3 + 0*w**3 - 3*w + 6*w**2. Let i(r) = -15*r + 64. Let a be i(4). What is p(a)?
10
Let h(p) be the first derivative of -p**4/4 - 5*p**3/3 + p**2/2 - 4. Let z = -2 - 3. Calculate h(z).
-5
Let b(a) = -a**2 - 5*a + 1. Let r(o) = -o**3 - 9*o**2 + 1. Let l be r(-9). Suppose 0 = -s - 4 + l. What is b(s)?
7
Let s(z) = -7*z - 11. Let y(r) = 4*r + 5. Let t(w) = -w**2 - 6*w - 3. Let o be t(-2). Let x(h) = o*y(h) + 3*s(h). Let l be (1*-5 + 1)*1. Calculate x(l).
-4
Let t(s) = 7*s. Let g(r) = -4*r. Let a(k) = -5*g(k) - 3*t(k). Determine a(0).
0
Suppose 2*y = 3*d + 2, d = 4*y - 2 - 2. Suppose d*a + 14 = 2*a. Let n(x) = a*x - x + 2 + x**2 + 0*x. Calculate n(-5).
-3
Let a(l) = -2*l + 5. Let k(f) = -f - 1. Let z(s) = 2*s. Let o be z(1). Let g(c) = o*k(c) + a(c). Let i(t) = -t. Let w(v) = -g(v) + 3*i(v). Determine w(-3).
-6
Let n = 2 - 1. Let i(f) = 8*f**2 + 2*f - 4. Let g(m) = -24*m**2 - 6*m + 11. Let j(y) = 3*g(y) + 8*i(y). Calculate j(n).
-9
Let d(a) = -2*a + 3*a + 3*a**2 + 2*a**2. Suppose 0*w = -3*w - 6, k - 5*w - 10 = 0. Let s = 1 - k. What is d(s)?
6
Let z(t) = t**3 - 6*t**2 - 5*t - 7. Suppose 6*w = 4*w + 14. What is z(w)?
7
Let l(s) be the third derivative of s**4/8 - 5*s**3/6 - 7*s**2. Give l(-5).
-20
Let f = 2 + 2. Let y be 3*(4/12 - 0). Let z(q) = -f*q**2 + y + 3*q**2 + 4. What is z(0)?
5
Let g(u) be the first derivative of -u**4/4 - 2*u**3/3 + 3*u**2/2 + 4*u - 15. Let b(d) = -3*d**2 - d**3 + 2*d**3 + 1 - 5*d + 0. Let f be b(4). Calculate g(f).
4
Let r(l) = 15*l**3 - 3*l**3 + 4 + 0 - 4*l - 11*l**3 - 3*l**2. Determine r(3).
-8
Let k(f) = -18*f**3 - 19*f**3 + 2 + 61*f**3 - 23*f**3 - f - 3*f**2. Give k(3).
-1
Let p(c) = -1 + 0*c + 2*c + 1. Let u(k) = 3*k. Let s(j) = -2*p(j) + 2*u(j). What is s(-1)?
-2
Let d(m) be the first derivative of -2*m + 2*m**3 - 5 - 1/4*m**4 - 5/2*m**2. Let p(j) = j**3 + 4*j**2 + 5. Let u be p(-4). Give d(u).
-2
Let a(u) = 8 - 11 - 3*u + 2. Suppose -10 = -3*y + 4*k, 0*y + 5*y - 4*k - 6 = 0. Give a(y).
5
Suppose 3*t = z - 0*t - 5, -4*z + 3*t = -20. Let j(u) = -14*u**2 + 2*u - 11. Let f(v) = 5*v**2 - v + 4. Let r(a) = -17*f(a) - 6*j(a). Calculate r(z).
-2
Let z(d) = d**3 - 4*d**2 + 3*d - 2. Let t be z(3). Let y(a) be the second derivative of a**2 + 1/6*a**3 + 1/4*a**4 - 3*a + 0 + 1/10*a**5. Determine y(t).
-4
Let h(f) = 2*f**2 + 10*f - 5. Let b(y) = -5*y**2 - 21*y + 10. Let w(a) = -3*b(a) - 7*h(a). Give w(4).
-7
Let l(a) = a + 1. Let i(y) = 8*y + 5. Let v(b) = i(b) - 4*l(b). Calculate v(4).
17
Let q = 13 + -9. Let m(v) be the third derivative of -v**4/8 - v**3/3 + 30*v**2. What is m(q)?
-14
Let g(r) = -5*r + 12*r + 1 - 2*r + 2*r. Determine g(3).
22
Suppose -5*p - 5 = -15. Suppose p*b - 3*b - 1 = 0. Let n(x) = 2*x**3 - x**2 + 1. Give n(b).
-2
Let y be (-1)/(-3)*3/1. Let f(z) be the third derivative of -z**5/15 - z**3/6 + 3*z**2. Calculate f(y).
-5
Let v = 7 + -12. Let c(a) = -a**3 - 5*a**2 + a + 3. Let u be c(v). Let k be ((-14)/(-4) + -3)*u. Let m(q) = -4*q**3 + q + 1. Give m(k).
4
Let f(c) be the first derivative of -4 + 2/3*c**3 + 0*c**2 + 0*c - 1/4*c**4. Determine f(2).
0
Let o(a) = a**2 - 5*a + 2. Let p(m) = -m**3 - 9*m**2 + 8*m - 12. Let j be p(-10). Let y be 90/24 + 2/j. Determine o(y).
-2
Let i be (-106)/22 - (-2)/(-11). Let x = -3 - i. Let v(l) = -l**x - 1 + 0*l**2 - 3*l - l**2. Determine v(-3).
-10
Suppose 10 - 2 = 4*x. Let p be (3 + -4)*1*0. Let n(i) = x*i - i + 0*i + p*i. Calculate n(-1).
-1
Suppose -2*s + l - 4 = -3*s, -2*s + 4 = l. Suppose -2*v - v = s. Let n(y) = v + 8 - 2 + y + y**3 + 5*y**2. What is n(-5)?
1
Let k(t) = -7*t**2 + 2*t. Let f = -46 - -48. Calculate k(f).
-24
Let s(a) = 6*a + 10. Let p(j) = -3*j - 14. Let h(u) = 2*u + 9. Let t(z) = 8*h(z) + 5*p(z). Let g(k) = 2*s(k) - 11*t(k). Determine g(-5).
-7
Let d(j) = -2*j + 3. Suppose 0 = -11*g + 14*g - 15. Suppose 22 - 47 = -g*a. What is d(a)?
-7
Suppose -f - 2 = 0, 2*u + 2*u + 60 = -4*f. Let d = u + 9. Let j(r) = 0 - r - 3*r + 3 - r**2 - 1. Determine j(d).
2
Let i(u) = 2 + 0*u + 2*u + 4. Let w be i(-4). Let z(g) be the second derivative of g**3/6 - g**2 - 6*g. Calculate z(w).
-4
Let z(c) = -8*c - 3 + 8*c + c. Determine z(4).
1
Let p = 5 - 2. Suppose -3*q + 3 = p*o, -q + 7 = 3*o - 0*q. Let m(v) = -5 + 2 + 0 + 2*v**2 - o*v. What is m(3)?
6
Let x(u) = u**2 + 5*u + 2. Let b = -4 + 1. Let q = b - 2. Give x(q).
2
Suppose 27 = -2*w + 4*v + 9, 2*v - 8 = 0. Let t(l) = 7*l**3 - l**2 + 1. Calculate t(w).
-7
Let y(t) = 4*t**2 + 7*t - 2*t - 6*t - 2*t**2. Calculate y(-2).
10
Let b(v) = -4*v. Let x(a) = 7*a. Let w be -5*(1 + 0)*1. Let t(n) = w*b(n) - 3*x(n). Suppose 3*u + 17 = -4*r, 2*r + 3*r - u + 7 = 0. Calculate t(r).
2
Let t(x) = 3*x**3 - 2*x**2 + 1. Let s(v) = -3*v**3 + v + 4*v**3 + 2*v**3. Let g be s(1). Suppose 0 = -g*p + 4*z, -p - z = -1 - 1. Determine t(p).
2
Let z(n) = -4*n + 2. Suppose 0 = -4*x + 87 - 75. Calculate z(x).
-10
Let a(p) be the third derivative of -p**6/120 - p**5/15 - p**4/12 + p**3/6 - 4*p**2 - 4. Determine a(-2).
-3
Let y(d) = -13*d + 2. Let p(w) = -22*w + 3. Let k(j) = j. Let c(q) = 3*k(q) + p(q). Let u(n) = -5*c(n) + 7*y(n). Calculate u(1).
3
Let p(a) = -a**3 + 3*a**2 + 4*a - 1. Suppose 12 + 6 = 2*y. Let r(d) = 5*d - 1. Let c be r(y). Let n be c/8 - (-3)/(-2). Determine p(n).
-1
Let q(z) = z**2 - 8*z - 3. Let i be 8*(5 + 8/(-2)). Determine q(i).
-3
Let u = -1 - -4. Suppose -30 = -0*o + o - 5*k, u*k + 5 = -4*o. Let l(p) be the second derivative of -p**3/6 - 4*p**2 - p. Determine l(o).
-3
Let c(d) = -20*d + 13. Let t(q) = -5*q + 3. Let v(i) = 2*c(i) - 9*t(i). Suppose 0 = 2*l + 2 + 2. Calculate v(l).
-11
Let m = -16 + 13. Let s(l) = -l**3 - 3*l**2 + 4*l - 1. Determine s(m).
-13
Let d(o) = -o**3 - o - 1. Let v(y) = 4*y**2 + 2*y + 1. Let x be v(-1). Let k(t) = -1 - 2*t**2 - 8 + 3 - 2*t**x. Let w(p) = 3*d(p) - k(p). Give w(2).
-3
Let g = 1 - 2. Let f(d) = -d**2 + d + 1. Let c(l) = -l**3 + l**2 + 3*l. Let p(u) = g*c(u) + 3*f(u). Suppose a - 4*n = -2*a + 5, -3*a + 8 = -n. Give p(a).
-6
Let n(l) = l**2 + 7*l - 8. Let d = 178 + -187. Determine n(d).
10
Let o(k) = 4 + k**2 + k**2 + 3*k + 2*k. Give o(-3).
7
Let p(a) = 0 - 1 + 4*a - 3*a + 0*a. Calculate p(4).
3
Let l(g) = 0*g**2 - 3*g**2 + 7*g**2 - 5*g + g**3 + g**2. Give l(-6).
-6
Let o be -1*3/(6/(-32)). Suppose -11 = -3*c - i, 2*c = 6*i - 2*i - o. Let p(f) = 4*f + f - f**c + 3 + 0. What is p(5)?
3
Let q(g) be the first derivative of -g**3/3 - 2*g**2 - 2*g + 3. Suppose 2 = -3*t - 7. Calculate q(t).
1
Let a(y) = -y + 7 - 16 + 2*y. What is a(6)?
-3
Let l(r) = 2*r**2 + 1. Let s be l(1). Let n(v) = -3*v**2 - 3*v - 4. Let o(j) = -2*j**2 - 2*j - 3. Let d(q) = s*n(q) - 4*o(q). Give d(-1).
0
Suppose -4*i - 3 + 23 = 0. Let t(y) = -y**2 + 7*y - 6. Deter